{"id":28,"date":"2017-03-29T11:21:32","date_gmt":"2017-03-29T09:21:32","guid":{"rendered":"https:\/\/www.parcfloraldelasource.com\/?page_id=28"},"modified":"2024-08-12T14:04:53","modified_gmt":"2024-08-12T12:04:53","slug":"scolaires","status":"publish","type":"page","link":"https:\/\/www.parcfloraldelasource.com\/scolaires\/","title":{"rendered":"Scolaires"},"content":{"rendered":"<h2>Visites scolaires au Parc Floral<\/h2>\n<p>La transmission des savoirs est importante, en particulier aupr\u00e8s des enfants et l\u2019environnement prend une place de plus en plus importante dans l\u2019\u00e9ducation&nbsp;: apprendre \u00e0 observer, comprendre et respecter. C\u2019est dans cet objectif de d\u00e9couverte de la nature que le <strong>Parc Floral de La Source (45)<\/strong> a d\u00e9velopp\u00e9 une offre p\u00e9dagogique riche pour le jeune public.<\/p>\n<p>Un programme p\u00e9dagogique a \u00e9t\u00e9 \u00e9labor\u00e9 pour amener les plus jeunes \u00e0 se familiariser avec les mondes v\u00e9g\u00e9tal et animal, en s\u2019appuyant sur des exemples concrets, qu\u2019ils peuvent trouver au sein du Parc. Plusieurs th\u00e8mes adapt\u00e9s aux programmes scolaires sont propos\u00e9s dans le cadre d\u2019ateliers sous la conduite d\u2019animateurs sp\u00e9cialis\u00e9s\u00a0: comprendre les arbres, les insectes, les cinq sens\u2026<\/p>\n<p>Ces diff\u00e9rentes th\u00e9matiques peuvent s\u2019int\u00e9grer dans un projet d\u2019\u00e9ducation \u00e0 l\u2019environnement sur l\u2019ensemble de l\u2019ann\u00e9e scolaire dont le th\u00e8me peut \u00eatre \u00ab&nbsp;La nature au fil des saisons&nbsp;\u00bb.<\/p>\n<hr \/>\n<p style=\"text-align: center;\">Le Parc Floral vous propose une multitude d\u2019activit\u00e9s tout au long de la saison. Afin de g\u00e9rer au mieux votre venue, tout groupe de plus de 15 personnes doit faire une <a href=\"https:\/\/www.parcfloraldelasource.com\/reservations\/\" target=\"_blank\" rel=\"noopener noreferrer\">demande de pr\u00e9-r\u00e9servation<\/a> en ligne.<\/p>","protected":false},"excerpt":{"rendered":"<p>Visites scolaires au Parc Floral La transmission des savoirs est importante, en particulier aupr\u00e8s des enfants et l\u2019environnement prend une place de plus en plus importante dans l\u2019\u00e9ducation&nbsp;: apprendre \u00e0 observer, comprendre et respecter. C\u2019est dans cet objectif de d\u00e9couverte de la nature que le Parc Floral de La Source (45) a d\u00e9velopp\u00e9 une offre &hellip; <\/p>","protected":false},"author":1,"featured_media":0,"parent":0,"menu_order":8,"comment_status":"closed","ping_status":"closed","template":"","meta":{"footnotes":""},"class_list":["post-28","page","type-page","status-publish","hentry"],"yoast_head":"<!-- This site is optimized with the Yoast SEO plugin v27.5 - https:\/\/yoast.com\/product\/yoast-seo-wordpress\/ -->\n<title>Visites scolaires et p\u00e9dagogiques - Parc Floral de La Source<\/title>\n<meta name=\"description\" content=\"Retrouvez toutes les informations n\u00e9cessaires pour organiser vos visites scolaires au sein du Parc Floral d&#039;Orl\u00e9ans la Source.\" \/>\n<meta name=\"robots\" content=\"index, follow, max-snippet:-1, max-image-preview:large, max-video-preview:-1\" \/>\n<link rel=\"canonical\" href=\"https:\/\/www.parcfloraldelasource.com\/scolaires\/\" \/>\n<meta property=\"og:locale\" content=\"fr_FR\" \/>\n<meta property=\"og:type\" content=\"article\" \/>\n<meta property=\"og:title\" content=\"Visites scolaires et p\u00e9dagogiques - Parc Floral de La Source\" \/>\n<meta property=\"og:description\" content=\"Retrouvez toutes les informations n\u00e9cessaires pour organiser vos visites scolaires au sein du Parc Floral d&#039;Orl\u00e9ans la Source.\" \/>\n<meta property=\"og:url\" content=\"https:\/\/www.parcfloraldelasource.com\/scolaires\/\" \/>\n<meta property=\"og:site_name\" content=\"Parc Floral de La Source\" \/>\n<meta property=\"article:publisher\" content=\"https:\/\/www.facebook.com\/parcfloral.orleansloiret\" \/>\n<meta property=\"article:modified_time\" content=\"2024-08-12T12:04:53+00:00\" \/>\n<meta name=\"twitter:card\" content=\"summary_large_image\" \/>\n<meta name=\"twitter:label1\" content=\"Dur\u00e9e de lecture estim\u00e9e\" \/>\n\t<meta name=\"twitter:data1\" content=\"1 minute\" \/>\n<script type=\"application\/ld+json\" class=\"yoast-schema-graph\">{\"@context\":\"https:\\\/\\\/schema.org\",\"@graph\":[{\"@type\":\"WebPage\",\"@id\":\"https:\\\/\\\/www.parcfloraldelasource.com\\\/scolaires\\\/\",\"url\":\"https:\\\/\\\/www.parcfloraldelasource.com\\\/scolaires\\\/\",\"name\":\"Visites scolaires et p\u00e9dagogiques - Parc Floral de La Source\",\"isPartOf\":{\"@id\":\"https:\\\/\\\/www.parcfloraldelasource.com\\\/#website\"},\"datePublished\":\"2017-03-29T09:21:32+00:00\",\"dateModified\":\"2024-08-12T12:04:53+00:00\",\"description\":\"Retrouvez toutes les informations n\u00e9cessaires pour organiser vos visites scolaires au sein du Parc Floral d'Orl\u00e9ans la Source.\",\"breadcrumb\":{\"@id\":\"https:\\\/\\\/www.parcfloraldelasource.com\\\/scolaires\\\/#breadcrumb\"},\"inLanguage\":\"fr-FR\",\"potentialAction\":[{\"@type\":\"ReadAction\",\"target\":[\"https:\\\/\\\/www.parcfloraldelasource.com\\\/scolaires\\\/\"]}]},{\"@type\":\"BreadcrumbList\",\"@id\":\"https:\\\/\\\/www.parcfloraldelasource.com\\\/scolaires\\\/#breadcrumb\",\"itemListElement\":[{\"@type\":\"ListItem\",\"position\":1,\"name\":\"Accueil\",\"item\":\"https:\\\/\\\/www.parcfloraldelasource.com\\\/\"},{\"@type\":\"ListItem\",\"position\":2,\"name\":\"Scolaires\"}]},{\"@type\":\"WebSite\",\"@id\":\"https:\\\/\\\/www.parcfloraldelasource.com\\\/#website\",\"url\":\"https:\\\/\\\/www.parcfloraldelasource.com\\\/\",\"name\":\"Parc Floral de La Source\",\"description\":\"Orl\u00e9ans\",\"potentialAction\":[{\"@type\":\"SearchAction\",\"target\":{\"@type\":\"EntryPoint\",\"urlTemplate\":\"https:\\\/\\\/www.parcfloraldelasource.com\\\/?s={search_term_string}\"},\"query-input\":{\"@type\":\"PropertyValueSpecification\",\"valueRequired\":true,\"valueName\":\"search_term_string\"}}],\"inLanguage\":\"fr-FR\"}]}<\/script>\n<!-- \/ Yoast SEO plugin. -->","yoast_head_json":{"title":"Visites scolaires et p\u00e9dagogiques - Parc Floral de La Source","description":"Retrouvez toutes les informations n\u00e9cessaires pour organiser vos visites scolaires au sein du Parc Floral d'Orl\u00e9ans la Source.","robots":{"index":"index","follow":"follow","max-snippet":"max-snippet:-1","max-image-preview":"max-image-preview:large","max-video-preview":"max-video-preview:-1"},"canonical":"https:\/\/www.parcfloraldelasource.com\/scolaires\/","og_locale":"fr_FR","og_type":"article","og_title":"Visites scolaires et p\u00e9dagogiques - Parc Floral de La Source","og_description":"Retrouvez toutes les informations n\u00e9cessaires pour organiser vos visites scolaires au sein du Parc Floral d'Orl\u00e9ans la Source.","og_url":"https:\/\/www.parcfloraldelasource.com\/scolaires\/","og_site_name":"Parc Floral de La Source","article_publisher":"https:\/\/www.facebook.com\/parcfloral.orleansloiret","article_modified_time":"2024-08-12T12:04:53+00:00","twitter_card":"summary_large_image","twitter_misc":{"Dur\u00e9e de lecture estim\u00e9e":"1 minute"},"schema":{"@context":"https:\/\/schema.org","@graph":[{"@type":"WebPage","@id":"https:\/\/www.parcfloraldelasource.com\/scolaires\/","url":"https:\/\/www.parcfloraldelasource.com\/scolaires\/","name":"Visites scolaires et p\u00e9dagogiques - Parc Floral de La Source","isPartOf":{"@id":"https:\/\/www.parcfloraldelasource.com\/#website"},"datePublished":"2017-03-29T09:21:32+00:00","dateModified":"2024-08-12T12:04:53+00:00","description":"Retrouvez toutes les informations n\u00e9cessaires pour organiser vos visites scolaires au sein du Parc Floral d'Orl\u00e9ans la Source.","breadcrumb":{"@id":"https:\/\/www.parcfloraldelasource.com\/scolaires\/#breadcrumb"},"inLanguage":"fr-FR","potentialAction":[{"@type":"ReadAction","target":["https:\/\/www.parcfloraldelasource.com\/scolaires\/"]}]},{"@type":"BreadcrumbList","@id":"https:\/\/www.parcfloraldelasource.com\/scolaires\/#breadcrumb","itemListElement":[{"@type":"ListItem","position":1,"name":"Accueil","item":"https:\/\/www.parcfloraldelasource.com\/"},{"@type":"ListItem","position":2,"name":"Scolaires"}]},{"@type":"WebSite","@id":"https:\/\/www.parcfloraldelasource.com\/#website","url":"https:\/\/www.parcfloraldelasource.com\/","name":"Parc Floral de La Source","description":"Orl\u00e9ans","potentialAction":[{"@type":"SearchAction","target":{"@type":"EntryPoint","urlTemplate":"https:\/\/www.parcfloraldelasource.com\/?s={search_term_string}"},"query-input":{"@type":"PropertyValueSpecification","valueRequired":true,"valueName":"search_term_string"}}],"inLanguage":"fr-FR"}]}},"_links":{"self":[{"href":"https:\/\/www.parcfloraldelasource.com\/rest\/wp\/v2\/pages\/28","targetHints":{"allow":["GET"]}}],"collection":[{"href":"https:\/\/www.parcfloraldelasource.com\/rest\/wp\/v2\/pages"}],"about":[{"href":"https:\/\/www.parcfloraldelasource.com\/rest\/wp\/v2\/types\/page"}],"author":[{"embeddable":true,"href":"https:\/\/www.parcfloraldelasource.com\/rest\/wp\/v2\/users\/1"}],"replies":[{"embeddable":true,"href":"https:\/\/www.parcfloraldelasource.com\/rest\/wp\/v2\/comments?post=28"}],"version-history":[{"count":28,"href":"https:\/\/www.parcfloraldelasource.com\/rest\/wp\/v2\/pages\/28\/revisions"}],"predecessor-version":[{"id":4169,"href":"https:\/\/www.parcfloraldelasource.com\/rest\/wp\/v2\/pages\/28\/revisions\/4169"}],"wp:attachment":[{"href":"https:\/\/www.parcfloraldelasource.com\/rest\/wp\/v2\/media?parent=28"}],"curies":[{"name":"wp","href":"https:\/\/api.w.org\/{rel}","templated":true}]}}

<h2>Visites scolaires au Parc Floral</h2>
<p>La transmission des savoirs est importante, en particulier auprès des enfants et l’environnement prend une place de plus en plus importante dans l’éducation&nbsp;: apprendre à observer, comprendre et respecter. C’est dans cet objectif de découverte de la nature que le <strong>Parc Floral de La Source (45)</strong> a développé une offre pédagogique riche pour le jeune public.</p>
<p>Un programme pédagogique a été élaboré pour amener les plus jeunes à se familiariser avec les mondes végétal et animal, en s’appuyant sur des exemples concrets, qu’ils peuvent trouver au sein du Parc. Plusieurs thèmes adaptés aux programmes scolaires sont proposés dans le cadre d’ateliers sous la conduite d’animateurs spécialisés : comprendre les arbres, les insectes, les cinq sens…</p>
<p>Ces différentes thématiques peuvent s’intégrer dans un projet d’éducation à l’environnement sur l’ensemble de l’année scolaire dont le thème peut être «&nbsp;La nature au fil des saisons&nbsp;».</p>
<hr />
<p style="text-align: center;">Le Parc Floral vous propose une multitude d’activités tout au long de la saison. Afin de gérer au mieux votre venue, tout groupe de plus de 15 personnes doit faire une <a href="https://www.parcfloraldelasource.com/reservations/" target="_blank" rel="noopener noreferrer">demande de pré-réservation</a> en ligne.</p>

<p>Visites scolaires au Parc Floral La transmission des savoirs est importante, en particulier auprès des enfants et l’environnement prend une place de plus en plus importante dans l’éducation&nbsp;: apprendre à observer, comprendre et respecter. C’est dans cet objectif de découverte de la nature que le Parc Floral de La Source (45) a développé une offre &hellip; </p>

<!-- This site is optimized with the Yoast SEO plugin v27.5 - https://yoast.com/product/yoast-seo-wordpress/ -->
<title>Visites scolaires et pédagogiques - Parc Floral de La Source</title>
<meta name="description" content="Retrouvez toutes les informations nécessaires pour organiser vos visites scolaires au sein du Parc Floral d&#039;Orléans la Source." />
<meta name="robots" content="index, follow, max-snippet:-1, max-image-preview:large, max-video-preview:-1" />
<link rel="canonical" href="https://www.parcfloraldelasource.com/scolaires/" />
<meta property="og:locale" content="fr_FR" />
<meta property="og:type" content="article" />
<meta property="og:title" content="Visites scolaires et pédagogiques - Parc Floral de La Source" />
<meta property="og:description" content="Retrouvez toutes les informations nécessaires pour organiser vos visites scolaires au sein du Parc Floral d&#039;Orléans la Source." />
<meta property="og:url" content="https://www.parcfloraldelasource.com/scolaires/" />
<meta property="og:site_name" content="Parc Floral de La Source" />
<meta property="article:publisher" content="https://www.facebook.com/parcfloral.orleansloiret" />
<meta property="article:modified_time" content="2024-08-12T12:04:53+00:00" />
<meta name="twitter:card" content="summary_large_image" />
<meta name="twitter:label1" content="Durée de lecture estimée" />
	<meta name="twitter:data1" content="1 minute" />
<script type="application/ld+json" class="yoast-schema-graph">{"@context":"https:\/\/schema.org","@graph":[{"@type":"WebPage","@id":"https:\/\/www.parcfloraldelasource.com\/scolaires\/","url":"https:\/\/www.parcfloraldelasource.com\/scolaires\/","name":"Visites scolaires et pédagogiques - Parc Floral de La Source","isPartOf":{"@id":"https:\/\/www.parcfloraldelasource.com\/#website"},"datePublished":"2017-03-29T09:21:32+00:00","dateModified":"2024-08-12T12:04:53+00:00","description":"Retrouvez toutes les informations nécessaires pour organiser vos visites scolaires au sein du Parc Floral d'Orléans la Source.","breadcrumb":{"@id":"https:\/\/www.parcfloraldelasource.com\/scolaires\/#breadcrumb"},"inLanguage":"fr-FR","potentialAction":[{"@type":"ReadAction","target":["https:\/\/www.parcfloraldelasource.com\/scolaires\/"]}]},{"@type":"BreadcrumbList","@id":"https:\/\/www.parcfloraldelasource.com\/scolaires\/#breadcrumb","itemListElement":[{"@type":"ListItem","position":1,"name":"Accueil","item":"https:\/\/www.parcfloraldelasource.com\/"},{"@type":"ListItem","position":2,"name":"Scolaires"}]},{"@type":"WebSite","@id":"https:\/\/www.parcfloraldelasource.com\/#website","url":"https:\/\/www.parcfloraldelasource.com\/","name":"Parc Floral de La Source","description":"Orléans","potentialAction":[{"@type":"SearchAction","target":{"@type":"EntryPoint","urlTemplate":"https:\/\/www.parcfloraldelasource.com\/?s={search_term_string}"},"query-input":{"@type":"PropertyValueSpecification","valueRequired":true,"valueName":"search_term_string"}}],"inLanguage":"fr-FR"}]}</script>
<!-- / Yoast SEO plugin. -->

Visites scolaires et pédagogiques - Parc Floral de La Source

Retrouvez toutes les informations nécessaires pour organiser vos visites scolaires au sein du Parc Floral d'Orléans la Source.

Orléans
