{"id":4001,"date":"2022-03-18T14:33:12","date_gmt":"2022-03-18T13:33:12","guid":{"rendered":"https:\/\/www.parcfloraldelasource.com\/?page_id=4001"},"modified":"2022-03-18T14:47:27","modified_gmt":"2022-03-18T13:47:27","slug":"clos-des-resurgences","status":"publish","type":"page","link":"https:\/\/www.parcfloraldelasource.com\/les-jardins\/clos-des-resurgences\/","title":{"rendered":"Clos des r\u00e9surgences"},"content":{"rendered":"<h2>Le Clos des R\u00e9surgences<\/h2>\n<p class=\"_04xlpA direction-ltr align-justify para-style-body\"><span class=\"JsGRdQ\">Saviez-vous qu&rsquo;au 18e si\u00e8cle, le domaine du ch\u00e2teau de La Source accueillait en son sein 12 hectares <\/span><span class=\"JsGRdQ\">de vignes, propri\u00e9t\u00e9 de Simon-Charles BOUTIN&nbsp;? Il cr\u00e9a \u00e0 Paris le tout premier jardin \u00e0 l&rsquo;anglaise <\/span><span class=\"JsGRdQ\">baptis\u00e9 \u00ab\u00a0La Folie Boutin\u00a0\u00bb.<\/span><\/p>\n<p class=\"_04xlpA direction-ltr align-justify para-style-body\"><span class=\"JsGRdQ\">Rappel \u00e0 l&rsquo;histoire ici avec la pr\u00e9sentation de 15 <\/span><span class=\"JsGRdQ\">c\u00e9pages de la Vall\u00e9e de la Loire, de la <\/span><span class=\"JsGRdQ\">Haute-Loire jusqu&rsquo;en Anjou en passant <\/span><span class=\"JsGRdQ\">par le Berry, l&rsquo;Orl\u00e9anais, le Vend\u00f4mois <\/span><span class=\"JsGRdQ\">ou la Touraine&#8230;<\/span><\/p>\n<p class=\"_04xlpA direction-ltr align-justify para-style-body\"><span class=\"JsGRdQ\">Organis\u00e9 en rangs comme dans un vignoble et paliss\u00e9 <\/span><span class=\"JsGRdQ\">selon la m\u00e9thode Guyot, ce nouveau jardin met \u00e0 l&rsquo;honneur notre patrimoine viticole local.<\/span><\/p>\n<p class=\"_04xlpA direction-ltr align-justify para-style-body\"><span class=\"JsGRdQ\">Ce lieu vient enrichir la diversit\u00e9 v\u00e9g\u00e9tale et horticole du parc et contribue \u00e0 la favorisation <\/span><span class=\"JsGRdQ\">et la pr\u00e9servation de la biodiversit\u00e9.<\/span><\/p>\n<p class=\"_04xlpA direction-ltr align-justify para-style-body\"><span class=\"JsGRdQ\">Encore un peu de patience avant de pouvoir d\u00e9guster la premi\u00e8re cuv\u00e9e du Parc Floral&nbsp;!<\/span><\/p>\n<h2>INSOLITE&nbsp;!<\/h2>\n<p class=\"_04xlpA direction-ltr align-justify para-style-body\">Le Parc Floral pr\u00e9sente entre autres \u00ab\u00a0Le Genouillet\u00a0\u00bb, c\u00e9page oubli\u00e9 pendant plusieurs d\u00e9cennies avant d&rsquo;\u00eatre red\u00e9couvert dans une ferme pr\u00e8s d&rsquo;Issoudun. 3 pieds ont surv\u00e9cu au conservatoire de Tranzault (36) avant d&rsquo;\u00eatre replant\u00e9s dans les ann\u00e9es 2000 par un couple de viticulteurs berrichon.<\/p>","protected":false},"excerpt":{"rendered":"<p>Le Clos des R\u00e9surgences Saviez-vous qu&rsquo;au 18e si\u00e8cle, le domaine du ch\u00e2teau de La Source accueillait en son sein 12 hectares de vignes, propri\u00e9t\u00e9 de Simon-Charles BOUTIN&nbsp;? Il cr\u00e9a \u00e0 Paris le tout premier jardin \u00e0 l&rsquo;anglaise baptis\u00e9 \u00ab\u00a0La Folie Boutin\u00a0\u00bb. Rappel \u00e0 l&rsquo;histoire ici avec la pr\u00e9sentation de 15 c\u00e9pages de la Vall\u00e9e de &hellip; <\/p>","protected":false},"author":2,"featured_media":0,"parent":24,"menu_order":10,"comment_status":"closed","ping_status":"closed","template":"","meta":{"footnotes":""},"class_list":["post-4001","page","type-page","status-publish","hentry"],"yoast_head":"<!-- This site is optimized with the Yoast SEO plugin v27.5 - https:\/\/yoast.com\/product\/yoast-seo-wordpress\/ -->\n<title>Clos des r\u00e9surgences - Parc Floral de La Source<\/title>\n<meta name=\"robots\" content=\"index, follow, max-snippet:-1, max-image-preview:large, max-video-preview:-1\" \/>\n<link rel=\"canonical\" href=\"https:\/\/www.parcfloraldelasource.com\/les-jardins\/clos-des-resurgences\/\" \/>\n<meta property=\"og:locale\" content=\"fr_FR\" \/>\n<meta property=\"og:type\" content=\"article\" \/>\n<meta property=\"og:title\" content=\"Clos des r\u00e9surgences - Parc Floral de La Source\" \/>\n<meta property=\"og:description\" content=\"Le Clos des R\u00e9surgences Saviez-vous qu&rsquo;au 18e si\u00e8cle, le domaine du ch\u00e2teau de La Source accueillait en son sein 12 hectares de vignes, propri\u00e9t\u00e9 de Simon-Charles BOUTIN&nbsp;? Il cr\u00e9a \u00e0 Paris le tout premier jardin \u00e0 l&rsquo;anglaise baptis\u00e9 \u00ab\u00a0La Folie Boutin\u00a0\u00bb. Rappel \u00e0 l&rsquo;histoire ici avec la pr\u00e9sentation de 15 c\u00e9pages de la Vall\u00e9e de &hellip;\" \/>\n<meta property=\"og:url\" content=\"https:\/\/www.parcfloraldelasource.com\/les-jardins\/clos-des-resurgences\/\" \/>\n<meta property=\"og:site_name\" content=\"Parc Floral de La Source\" \/>\n<meta property=\"article:publisher\" content=\"https:\/\/www.facebook.com\/parcfloral.orleansloiret\" \/>\n<meta property=\"article:modified_time\" content=\"2022-03-18T13:47:27+00:00\" \/>\n<meta name=\"twitter:card\" content=\"summary_large_image\" \/>\n<meta name=\"twitter:label1\" content=\"Dur\u00e9e de lecture estim\u00e9e\" \/>\n\t<meta name=\"twitter:data1\" content=\"1 minute\" \/>\n<script type=\"application\/ld+json\" class=\"yoast-schema-graph\">{\"@context\":\"https:\\\/\\\/schema.org\",\"@graph\":[{\"@type\":\"WebPage\",\"@id\":\"https:\\\/\\\/www.parcfloraldelasource.com\\\/les-jardins\\\/clos-des-resurgences\\\/\",\"url\":\"https:\\\/\\\/www.parcfloraldelasource.com\\\/les-jardins\\\/clos-des-resurgences\\\/\",\"name\":\"Clos des r\u00e9surgences - Parc Floral de La Source\",\"isPartOf\":{\"@id\":\"https:\\\/\\\/www.parcfloraldelasource.com\\\/#website\"},\"datePublished\":\"2022-03-18T13:33:12+00:00\",\"dateModified\":\"2022-03-18T13:47:27+00:00\",\"breadcrumb\":{\"@id\":\"https:\\\/\\\/www.parcfloraldelasource.com\\\/les-jardins\\\/clos-des-resurgences\\\/#breadcrumb\"},\"inLanguage\":\"fr-FR\",\"potentialAction\":[{\"@type\":\"ReadAction\",\"target\":[\"https:\\\/\\\/www.parcfloraldelasource.com\\\/les-jardins\\\/clos-des-resurgences\\\/\"]}]},{\"@type\":\"BreadcrumbList\",\"@id\":\"https:\\\/\\\/www.parcfloraldelasource.com\\\/les-jardins\\\/clos-des-resurgences\\\/#breadcrumb\",\"itemListElement\":[{\"@type\":\"ListItem\",\"position\":1,\"name\":\"Accueil\",\"item\":\"https:\\\/\\\/www.parcfloraldelasource.com\\\/\"},{\"@type\":\"ListItem\",\"position\":2,\"name\":\"Les jardins\",\"item\":\"https:\\\/\\\/www.parcfloraldelasource.com\\\/les-jardins\\\/\"},{\"@type\":\"ListItem\",\"position\":3,\"name\":\"Clos des r\u00e9surgences\"}]},{\"@type\":\"WebSite\",\"@id\":\"https:\\\/\\\/www.parcfloraldelasource.com\\\/#website\",\"url\":\"https:\\\/\\\/www.parcfloraldelasource.com\\\/\",\"name\":\"Parc Floral de La Source\",\"description\":\"Orl\u00e9ans\",\"potentialAction\":[{\"@type\":\"SearchAction\",\"target\":{\"@type\":\"EntryPoint\",\"urlTemplate\":\"https:\\\/\\\/www.parcfloraldelasource.com\\\/?s={search_term_string}\"},\"query-input\":{\"@type\":\"PropertyValueSpecification\",\"valueRequired\":true,\"valueName\":\"search_term_string\"}}],\"inLanguage\":\"fr-FR\"}]}<\/script>\n<!-- \/ Yoast SEO plugin. -->","yoast_head_json":{"title":"Clos des r\u00e9surgences - Parc Floral de La Source","robots":{"index":"index","follow":"follow","max-snippet":"max-snippet:-1","max-image-preview":"max-image-preview:large","max-video-preview":"max-video-preview:-1"},"canonical":"https:\/\/www.parcfloraldelasource.com\/les-jardins\/clos-des-resurgences\/","og_locale":"fr_FR","og_type":"article","og_title":"Clos des r\u00e9surgences - Parc Floral de La Source","og_description":"Le Clos des R\u00e9surgences Saviez-vous qu&rsquo;au 18e si\u00e8cle, le domaine du ch\u00e2teau de La Source accueillait en son sein 12 hectares de vignes, propri\u00e9t\u00e9 de Simon-Charles BOUTIN&nbsp;? Il cr\u00e9a \u00e0 Paris le tout premier jardin \u00e0 l&rsquo;anglaise baptis\u00e9 \u00ab\u00a0La Folie Boutin\u00a0\u00bb. Rappel \u00e0 l&rsquo;histoire ici avec la pr\u00e9sentation de 15 c\u00e9pages de la Vall\u00e9e de &hellip;","og_url":"https:\/\/www.parcfloraldelasource.com\/les-jardins\/clos-des-resurgences\/","og_site_name":"Parc Floral de La Source","article_publisher":"https:\/\/www.facebook.com\/parcfloral.orleansloiret","article_modified_time":"2022-03-18T13:47:27+00:00","twitter_card":"summary_large_image","twitter_misc":{"Dur\u00e9e de lecture estim\u00e9e":"1 minute"},"schema":{"@context":"https:\/\/schema.org","@graph":[{"@type":"WebPage","@id":"https:\/\/www.parcfloraldelasource.com\/les-jardins\/clos-des-resurgences\/","url":"https:\/\/www.parcfloraldelasource.com\/les-jardins\/clos-des-resurgences\/","name":"Clos des r\u00e9surgences - Parc Floral de La Source","isPartOf":{"@id":"https:\/\/www.parcfloraldelasource.com\/#website"},"datePublished":"2022-03-18T13:33:12+00:00","dateModified":"2022-03-18T13:47:27+00:00","breadcrumb":{"@id":"https:\/\/www.parcfloraldelasource.com\/les-jardins\/clos-des-resurgences\/#breadcrumb"},"inLanguage":"fr-FR","potentialAction":[{"@type":"ReadAction","target":["https:\/\/www.parcfloraldelasource.com\/les-jardins\/clos-des-resurgences\/"]}]},{"@type":"BreadcrumbList","@id":"https:\/\/www.parcfloraldelasource.com\/les-jardins\/clos-des-resurgences\/#breadcrumb","itemListElement":[{"@type":"ListItem","position":1,"name":"Accueil","item":"https:\/\/www.parcfloraldelasource.com\/"},{"@type":"ListItem","position":2,"name":"Les jardins","item":"https:\/\/www.parcfloraldelasource.com\/les-jardins\/"},{"@type":"ListItem","position":3,"name":"Clos des r\u00e9surgences"}]},{"@type":"WebSite","@id":"https:\/\/www.parcfloraldelasource.com\/#website","url":"https:\/\/www.parcfloraldelasource.com\/","name":"Parc Floral de La Source","description":"Orl\u00e9ans","potentialAction":[{"@type":"SearchAction","target":{"@type":"EntryPoint","urlTemplate":"https:\/\/www.parcfloraldelasource.com\/?s={search_term_string}"},"query-input":{"@type":"PropertyValueSpecification","valueRequired":true,"valueName":"search_term_string"}}],"inLanguage":"fr-FR"}]}},"_links":{"self":[{"href":"https:\/\/www.parcfloraldelasource.com\/rest\/wp\/v2\/pages\/4001","targetHints":{"allow":["GET"]}}],"collection":[{"href":"https:\/\/www.parcfloraldelasource.com\/rest\/wp\/v2\/pages"}],"about":[{"href":"https:\/\/www.parcfloraldelasource.com\/rest\/wp\/v2\/types\/page"}],"author":[{"embeddable":true,"href":"https:\/\/www.parcfloraldelasource.com\/rest\/wp\/v2\/users\/2"}],"replies":[{"embeddable":true,"href":"https:\/\/www.parcfloraldelasource.com\/rest\/wp\/v2\/comments?post=4001"}],"version-history":[{"count":5,"href":"https:\/\/www.parcfloraldelasource.com\/rest\/wp\/v2\/pages\/4001\/revisions"}],"predecessor-version":[{"id":4010,"href":"https:\/\/www.parcfloraldelasource.com\/rest\/wp\/v2\/pages\/4001\/revisions\/4010"}],"up":[{"embeddable":true,"href":"https:\/\/www.parcfloraldelasource.com\/rest\/wp\/v2\/pages\/24"}],"wp:attachment":[{"href":"https:\/\/www.parcfloraldelasource.com\/rest\/wp\/v2\/media?parent=4001"}],"curies":[{"name":"wp","href":"https:\/\/api.w.org\/{rel}","templated":true}]}}

Clos des résurgences

<h2>Le Clos des Résurgences</h2>
<p class="_04xlpA direction-ltr align-justify para-style-body"><span class="JsGRdQ">Saviez-vous qu&rsquo;au 18e siècle, le domaine du château de La Source accueillait en son sein 12 hectares </span><span class="JsGRdQ">de vignes, propriété de Simon-Charles BOUTIN&nbsp;? Il créa à Paris le tout premier jardin à l&rsquo;anglaise </span><span class="JsGRdQ">baptisé « La Folie Boutin ».</span></p>
<p class="_04xlpA direction-ltr align-justify para-style-body"><span class="JsGRdQ">Rappel à l&rsquo;histoire ici avec la présentation de 15 </span><span class="JsGRdQ">cépages de la Vallée de la Loire, de la </span><span class="JsGRdQ">Haute-Loire jusqu&rsquo;en Anjou en passant </span><span class="JsGRdQ">par le Berry, l&rsquo;Orléanais, le Vendômois </span><span class="JsGRdQ">ou la Touraine&#8230;</span></p>
<p class="_04xlpA direction-ltr align-justify para-style-body"><span class="JsGRdQ">Organisé en rangs comme dans un vignoble et palissé </span><span class="JsGRdQ">selon la méthode Guyot, ce nouveau jardin met à l&rsquo;honneur notre patrimoine viticole local.</span></p>
<p class="_04xlpA direction-ltr align-justify para-style-body"><span class="JsGRdQ">Ce lieu vient enrichir la diversité végétale et horticole du parc et contribue à la favorisation </span><span class="JsGRdQ">et la préservation de la biodiversité.</span></p>
<p class="_04xlpA direction-ltr align-justify para-style-body"><span class="JsGRdQ">Encore un peu de patience avant de pouvoir déguster la première cuvée du Parc Floral&nbsp;!</span></p>
<h2>INSOLITE&nbsp;!</h2>
<p class="_04xlpA direction-ltr align-justify para-style-body">Le Parc Floral présente entre autres « Le Genouillet », cépage oublié pendant plusieurs décennies avant d&rsquo;être redécouvert dans une ferme près d&rsquo;Issoudun. 3 pieds ont survécu au conservatoire de Tranzault (36) avant d&rsquo;être replantés dans les années 2000 par un couple de viticulteurs berrichon.</p>

<p>Le Clos des Résurgences Saviez-vous qu&rsquo;au 18e siècle, le domaine du château de La Source accueillait en son sein 12 hectares de vignes, propriété de Simon-Charles BOUTIN&nbsp;? Il créa à Paris le tout premier jardin à l&rsquo;anglaise baptisé « La Folie Boutin ». Rappel à l&rsquo;histoire ici avec la présentation de 15 cépages de la Vallée de &hellip; </p>

<!-- This site is optimized with the Yoast SEO plugin v27.5 - https://yoast.com/product/yoast-seo-wordpress/ -->
<title>Clos des résurgences - Parc Floral de La Source</title>
<meta name="robots" content="index, follow, max-snippet:-1, max-image-preview:large, max-video-preview:-1" />
<link rel="canonical" href="https://www.parcfloraldelasource.com/les-jardins/clos-des-resurgences/" />
<meta property="og:locale" content="fr_FR" />
<meta property="og:type" content="article" />
<meta property="og:title" content="Clos des résurgences - Parc Floral de La Source" />
<meta property="og:description" content="Le Clos des Résurgences Saviez-vous qu&rsquo;au 18e siècle, le domaine du château de La Source accueillait en son sein 12 hectares de vignes, propriété de Simon-Charles BOUTIN&nbsp;? Il créa à Paris le tout premier jardin à l&rsquo;anglaise baptisé « La Folie Boutin ». Rappel à l&rsquo;histoire ici avec la présentation de 15 cépages de la Vallée de &hellip;" />
<meta property="og:url" content="https://www.parcfloraldelasource.com/les-jardins/clos-des-resurgences/" />
<meta property="og:site_name" content="Parc Floral de La Source" />
<meta property="article:publisher" content="https://www.facebook.com/parcfloral.orleansloiret" />
<meta property="article:modified_time" content="2022-03-18T13:47:27+00:00" />
<meta name="twitter:card" content="summary_large_image" />
<meta name="twitter:label1" content="Durée de lecture estimée" />
	<meta name="twitter:data1" content="1 minute" />
<script type="application/ld+json" class="yoast-schema-graph">{"@context":"https:\/\/schema.org","@graph":[{"@type":"WebPage","@id":"https:\/\/www.parcfloraldelasource.com\/les-jardins\/clos-des-resurgences\/","url":"https:\/\/www.parcfloraldelasource.com\/les-jardins\/clos-des-resurgences\/","name":"Clos des résurgences - Parc Floral de La Source","isPartOf":{"@id":"https:\/\/www.parcfloraldelasource.com\/#website"},"datePublished":"2022-03-18T13:33:12+00:00","dateModified":"2022-03-18T13:47:27+00:00","breadcrumb":{"@id":"https:\/\/www.parcfloraldelasource.com\/les-jardins\/clos-des-resurgences\/#breadcrumb"},"inLanguage":"fr-FR","potentialAction":[{"@type":"ReadAction","target":["https:\/\/www.parcfloraldelasource.com\/les-jardins\/clos-des-resurgences\/"]}]},{"@type":"BreadcrumbList","@id":"https:\/\/www.parcfloraldelasource.com\/les-jardins\/clos-des-resurgences\/#breadcrumb","itemListElement":[{"@type":"ListItem","position":1,"name":"Accueil","item":"https:\/\/www.parcfloraldelasource.com\/"},{"@type":"ListItem","position":2,"name":"Les jardins","item":"https:\/\/www.parcfloraldelasource.com\/les-jardins\/"},{"@type":"ListItem","position":3,"name":"Clos des résurgences"}]},{"@type":"WebSite","@id":"https:\/\/www.parcfloraldelasource.com\/#website","url":"https:\/\/www.parcfloraldelasource.com\/","name":"Parc Floral de La Source","description":"Orléans","potentialAction":[{"@type":"SearchAction","target":{"@type":"EntryPoint","urlTemplate":"https:\/\/www.parcfloraldelasource.com\/?s={search_term_string}"},"query-input":{"@type":"PropertyValueSpecification","valueRequired":true,"valueName":"search_term_string"}}],"inLanguage":"fr-FR"}]}</script>
<!-- / Yoast SEO plugin. -->

Clos des résurgences - Parc Floral de La Source

Le Clos des Résurgences Saviez-vous qu&rsquo;au 18e siècle, le domaine du château de La Source accueillait en son sein 12 hectares de vignes, propriété de Simon-Charles BOUTIN&nbsp;? Il créa à Paris le tout premier jardin à l&rsquo;anglaise baptisé « La Folie Boutin ». Rappel à l&rsquo;histoire ici avec la présentation de 15 cépages de la Vallée de &hellip;

Orléans
