{"id":4571,"date":"2024-10-22T14:02:08","date_gmt":"2024-10-22T12:02:08","guid":{"rendered":"https:\/\/www.parcfloraldelasource.com\/?page_id=4571"},"modified":"2026-02-24T11:33:38","modified_gmt":"2026-02-24T10:33:38","slug":"offres-demploi","status":"publish","type":"page","link":"https:\/\/www.parcfloraldelasource.com\/espace-pro\/offres-demploi\/","title":{"rendered":"Offres d&#8217;emploi"},"content":{"rendered":"<p><img loading=\"lazy\" decoding=\"async\" class=\"size-full wp-image-4572 aligncenter\" src=\"https:\/\/www.parcfloraldelasource.com\/file\/2024\/10\/Horaire-tarifs-et-titres-site-@-23.jpg\" alt=\"\" width=\"1011\" height=\"383\" srcset=\"https:\/\/www.parcfloraldelasource.com\/file\/2024\/10\/Horaire-tarifs-et-titres-site-@-23.jpg 1011w, https:\/\/www.parcfloraldelasource.com\/file\/2024\/10\/Horaire-tarifs-et-titres-site-@-23-300x114.jpg 300w, https:\/\/www.parcfloraldelasource.com\/file\/2024\/10\/Horaire-tarifs-et-titres-site-@-23-768x291.jpg 768w\" sizes=\"auto, (max-width: 1011px) 100vw, 1011px\" \/><\/p>\n<p>Le Parc Floral de la Source est un lieu unique, m\u00ealant nature, biodiversit\u00e9 et activit\u00e9s culturelles. Nous recherchons r\u00e9guli\u00e8rement des personnes passionn\u00e9es par la nature, le jardinage, l&rsquo;accueil des visiteurs ou la gestion des \u00e9v\u00e9nements pour rejoindre notre \u00e9quipe.<\/p>\n<p>Que vous soyez professionnel de l\u2019horticulture, animateur nature, ou int\u00e9ress\u00e9 par une carri\u00e8re dans le domaine du tourisme, de l&rsquo;accueil ou de l&rsquo;entretien des espaces verts, vous trouverez ici toutes les informations n\u00e9cessaires pour postuler \u00e0 nos offres d&#8217;emploi.<\/p>\n<p>Sur cette page, vous pourrez consulter les postes actuellement disponibles, d\u00e9couvrir les conditions de recrutement, et soumettre votre candidature. Venez participer \u00e0 l&rsquo;aventure du Parc Floral de la Source et contribuer \u00e0 pr\u00e9server et valoriser ce lieu d\u2019exception&nbsp;!<\/p>\n<p><img loading=\"lazy\" decoding=\"async\" class=\"alignleft size-large wp-image-4496\" src=\"https:\/\/www.parcfloraldelasource.com\/file\/2024\/05\/Horaire-tarifs-et-titres-site-@-3-1-e1714739942497-1024x20.png\" alt=\"\" width=\"660\" height=\"13\" srcset=\"https:\/\/www.parcfloraldelasource.com\/file\/2024\/05\/Horaire-tarifs-et-titres-site-@-3-1-e1714739942497.png 1024w, https:\/\/www.parcfloraldelasource.com\/file\/2024\/05\/Horaire-tarifs-et-titres-site-@-3-1-e1714739942497-300x6.png 300w, https:\/\/www.parcfloraldelasource.com\/file\/2024\/05\/Horaire-tarifs-et-titres-site-@-3-1-e1714739942497-768x15.png 768w\" sizes=\"auto, (max-width: 660px) 100vw, 660px\" \/><\/p>\n<p><img loading=\"lazy\" decoding=\"async\" class=\"aligncenter wp-image-4573 \" src=\"https:\/\/www.parcfloraldelasource.com\/file\/2024\/10\/Horaire-tarifs-et-titres-site-@-24-300x102.jpg\" alt=\"\" width=\"406\" height=\"138\" srcset=\"https:\/\/www.parcfloraldelasource.com\/file\/2024\/10\/Horaire-tarifs-et-titres-site-@-24-300x102.jpg 300w, https:\/\/www.parcfloraldelasource.com\/file\/2024\/10\/Horaire-tarifs-et-titres-site-@-24-768x261.jpg 768w, https:\/\/www.parcfloraldelasource.com\/file\/2024\/10\/Horaire-tarifs-et-titres-site-@-24.jpg 1012w\" sizes=\"auto, (max-width: 406px) 100vw, 406px\" \/><\/p>\n<p style=\"text-align: center;\">Le Parc ne propose pas d&rsquo;offres d&#8217;emploi pour le moment.<\/p>","protected":false},"excerpt":{"rendered":"<p>Le Parc Floral de la Source est un lieu unique, m\u00ealant nature, biodiversit\u00e9 et activit\u00e9s culturelles. Nous recherchons r\u00e9guli\u00e8rement des personnes passionn\u00e9es par la nature, le jardinage, l&rsquo;accueil des visiteurs ou la gestion des \u00e9v\u00e9nements pour rejoindre notre \u00e9quipe. Que vous soyez professionnel de l\u2019horticulture, animateur nature, ou int\u00e9ress\u00e9 par une carri\u00e8re dans le domaine &hellip; <\/p>","protected":false},"author":2,"featured_media":4573,"parent":39,"menu_order":6,"comment_status":"closed","ping_status":"closed","template":"","meta":{"footnotes":""},"class_list":["post-4571","page","type-page","status-publish","has-post-thumbnail","hentry"],"yoast_head":"<!-- This site is optimized with the Yoast SEO plugin v27.5 - https:\/\/yoast.com\/product\/yoast-seo-wordpress\/ -->\n<title>Offres d&#039;emploi - Parc Floral de La Source<\/title>\n<meta name=\"robots\" content=\"index, follow, max-snippet:-1, max-image-preview:large, max-video-preview:-1\" \/>\n<link rel=\"canonical\" href=\"https:\/\/www.parcfloraldelasource.com\/espace-pro\/offres-demploi\/\" \/>\n<meta property=\"og:locale\" content=\"fr_FR\" \/>\n<meta property=\"og:type\" content=\"article\" \/>\n<meta property=\"og:title\" content=\"Offres d&#039;emploi - Parc Floral de La Source\" \/>\n<meta property=\"og:description\" content=\"Le Parc Floral de la Source est un lieu unique, m\u00ealant nature, biodiversit\u00e9 et activit\u00e9s culturelles. Nous recherchons r\u00e9guli\u00e8rement des personnes passionn\u00e9es par la nature, le jardinage, l&rsquo;accueil des visiteurs ou la gestion des \u00e9v\u00e9nements pour rejoindre notre \u00e9quipe. Que vous soyez professionnel de l\u2019horticulture, animateur nature, ou int\u00e9ress\u00e9 par une carri\u00e8re dans le domaine &hellip;\" \/>\n<meta property=\"og:url\" content=\"https:\/\/www.parcfloraldelasource.com\/espace-pro\/offres-demploi\/\" \/>\n<meta property=\"og:site_name\" content=\"Parc Floral de La Source\" \/>\n<meta property=\"article:publisher\" content=\"https:\/\/www.facebook.com\/parcfloral.orleansloiret\" \/>\n<meta property=\"article:modified_time\" content=\"2026-02-24T10:33:38+00:00\" \/>\n<meta property=\"og:image\" content=\"https:\/\/www.parcfloraldelasource.com\/file\/2024\/10\/Horaire-tarifs-et-titres-site-@-24.jpg\" \/>\n\t<meta property=\"og:image:width\" content=\"1012\" \/>\n\t<meta property=\"og:image:height\" content=\"344\" \/>\n\t<meta property=\"og:image:type\" content=\"image\/jpeg\" \/>\n<meta name=\"twitter:card\" content=\"summary_large_image\" \/>\n<meta name=\"twitter:label1\" content=\"Dur\u00e9e de lecture estim\u00e9e\" \/>\n\t<meta name=\"twitter:data1\" content=\"2 minutes\" \/>\n<script type=\"application\/ld+json\" class=\"yoast-schema-graph\">{\"@context\":\"https:\\\/\\\/schema.org\",\"@graph\":[{\"@type\":\"WebPage\",\"@id\":\"https:\\\/\\\/www.parcfloraldelasource.com\\\/espace-pro\\\/offres-demploi\\\/\",\"url\":\"https:\\\/\\\/www.parcfloraldelasource.com\\\/espace-pro\\\/offres-demploi\\\/\",\"name\":\"Offres d'emploi - Parc Floral de La Source\",\"isPartOf\":{\"@id\":\"https:\\\/\\\/www.parcfloraldelasource.com\\\/#website\"},\"primaryImageOfPage\":{\"@id\":\"https:\\\/\\\/www.parcfloraldelasource.com\\\/espace-pro\\\/offres-demploi\\\/#primaryimage\"},\"image\":{\"@id\":\"https:\\\/\\\/www.parcfloraldelasource.com\\\/espace-pro\\\/offres-demploi\\\/#primaryimage\"},\"thumbnailUrl\":\"https:\\\/\\\/www.parcfloraldelasource.com\\\/inc\\\/uploads\\\/2024\\\/10\\\/Horaire-tarifs-et-titres-site-@-24.jpg\",\"datePublished\":\"2024-10-22T12:02:08+00:00\",\"dateModified\":\"2026-02-24T10:33:38+00:00\",\"breadcrumb\":{\"@id\":\"https:\\\/\\\/www.parcfloraldelasource.com\\\/espace-pro\\\/offres-demploi\\\/#breadcrumb\"},\"inLanguage\":\"fr-FR\",\"potentialAction\":[{\"@type\":\"ReadAction\",\"target\":[\"https:\\\/\\\/www.parcfloraldelasource.com\\\/espace-pro\\\/offres-demploi\\\/\"]}]},{\"@type\":\"ImageObject\",\"inLanguage\":\"fr-FR\",\"@id\":\"https:\\\/\\\/www.parcfloraldelasource.com\\\/espace-pro\\\/offres-demploi\\\/#primaryimage\",\"url\":\"https:\\\/\\\/www.parcfloraldelasource.com\\\/inc\\\/uploads\\\/2024\\\/10\\\/Horaire-tarifs-et-titres-site-@-24.jpg\",\"contentUrl\":\"https:\\\/\\\/www.parcfloraldelasource.com\\\/inc\\\/uploads\\\/2024\\\/10\\\/Horaire-tarifs-et-titres-site-@-24.jpg\",\"width\":1012,\"height\":344,\"caption\":\"recrutement emploi\"},{\"@type\":\"BreadcrumbList\",\"@id\":\"https:\\\/\\\/www.parcfloraldelasource.com\\\/espace-pro\\\/offres-demploi\\\/#breadcrumb\",\"itemListElement\":[{\"@type\":\"ListItem\",\"position\":1,\"name\":\"Accueil\",\"item\":\"https:\\\/\\\/www.parcfloraldelasource.com\\\/\"},{\"@type\":\"ListItem\",\"position\":2,\"name\":\"Espace pro\",\"item\":\"https:\\\/\\\/www.parcfloraldelasource.com\\\/espace-pro\\\/\"},{\"@type\":\"ListItem\",\"position\":3,\"name\":\"Offres d&#8217;emploi\"}]},{\"@type\":\"WebSite\",\"@id\":\"https:\\\/\\\/www.parcfloraldelasource.com\\\/#website\",\"url\":\"https:\\\/\\\/www.parcfloraldelasource.com\\\/\",\"name\":\"Parc Floral de La Source\",\"description\":\"Orl\u00e9ans\",\"potentialAction\":[{\"@type\":\"SearchAction\",\"target\":{\"@type\":\"EntryPoint\",\"urlTemplate\":\"https:\\\/\\\/www.parcfloraldelasource.com\\\/?s={search_term_string}\"},\"query-input\":{\"@type\":\"PropertyValueSpecification\",\"valueRequired\":true,\"valueName\":\"search_term_string\"}}],\"inLanguage\":\"fr-FR\"}]}<\/script>\n<!-- \/ Yoast SEO plugin. -->","yoast_head_json":{"title":"Offres d'emploi - Parc Floral de La Source","robots":{"index":"index","follow":"follow","max-snippet":"max-snippet:-1","max-image-preview":"max-image-preview:large","max-video-preview":"max-video-preview:-1"},"canonical":"https:\/\/www.parcfloraldelasource.com\/espace-pro\/offres-demploi\/","og_locale":"fr_FR","og_type":"article","og_title":"Offres d'emploi - Parc Floral de La Source","og_description":"Le Parc Floral de la Source est un lieu unique, m\u00ealant nature, biodiversit\u00e9 et activit\u00e9s culturelles. Nous recherchons r\u00e9guli\u00e8rement des personnes passionn\u00e9es par la nature, le jardinage, l&rsquo;accueil des visiteurs ou la gestion des \u00e9v\u00e9nements pour rejoindre notre \u00e9quipe. Que vous soyez professionnel de l\u2019horticulture, animateur nature, ou int\u00e9ress\u00e9 par une carri\u00e8re dans le domaine &hellip;","og_url":"https:\/\/www.parcfloraldelasource.com\/espace-pro\/offres-demploi\/","og_site_name":"Parc Floral de La Source","article_publisher":"https:\/\/www.facebook.com\/parcfloral.orleansloiret","article_modified_time":"2026-02-24T10:33:38+00:00","og_image":[{"width":1012,"height":344,"url":"https:\/\/www.parcfloraldelasource.com\/file\/2024\/10\/Horaire-tarifs-et-titres-site-@-24.jpg","type":"image\/jpeg"}],"twitter_card":"summary_large_image","twitter_misc":{"Dur\u00e9e de lecture estim\u00e9e":"2 minutes"},"schema":{"@context":"https:\/\/schema.org","@graph":[{"@type":"WebPage","@id":"https:\/\/www.parcfloraldelasource.com\/espace-pro\/offres-demploi\/","url":"https:\/\/www.parcfloraldelasource.com\/espace-pro\/offres-demploi\/","name":"Offres d'emploi - Parc Floral de La Source","isPartOf":{"@id":"https:\/\/www.parcfloraldelasource.com\/#website"},"primaryImageOfPage":{"@id":"https:\/\/www.parcfloraldelasource.com\/espace-pro\/offres-demploi\/#primaryimage"},"image":{"@id":"https:\/\/www.parcfloraldelasource.com\/espace-pro\/offres-demploi\/#primaryimage"},"thumbnailUrl":"https:\/\/www.parcfloraldelasource.com\/file\/2024\/10\/Horaire-tarifs-et-titres-site-@-24.jpg","datePublished":"2024-10-22T12:02:08+00:00","dateModified":"2026-02-24T10:33:38+00:00","breadcrumb":{"@id":"https:\/\/www.parcfloraldelasource.com\/espace-pro\/offres-demploi\/#breadcrumb"},"inLanguage":"fr-FR","potentialAction":[{"@type":"ReadAction","target":["https:\/\/www.parcfloraldelasource.com\/espace-pro\/offres-demploi\/"]}]},{"@type":"ImageObject","inLanguage":"fr-FR","@id":"https:\/\/www.parcfloraldelasource.com\/espace-pro\/offres-demploi\/#primaryimage","url":"https:\/\/www.parcfloraldelasource.com\/file\/2024\/10\/Horaire-tarifs-et-titres-site-@-24.jpg","contentUrl":"https:\/\/www.parcfloraldelasource.com\/file\/2024\/10\/Horaire-tarifs-et-titres-site-@-24.jpg","width":1012,"height":344,"caption":"recrutement emploi"},{"@type":"BreadcrumbList","@id":"https:\/\/www.parcfloraldelasource.com\/espace-pro\/offres-demploi\/#breadcrumb","itemListElement":[{"@type":"ListItem","position":1,"name":"Accueil","item":"https:\/\/www.parcfloraldelasource.com\/"},{"@type":"ListItem","position":2,"name":"Espace pro","item":"https:\/\/www.parcfloraldelasource.com\/espace-pro\/"},{"@type":"ListItem","position":3,"name":"Offres d&#8217;emploi"}]},{"@type":"WebSite","@id":"https:\/\/www.parcfloraldelasource.com\/#website","url":"https:\/\/www.parcfloraldelasource.com\/","name":"Parc Floral de La Source","description":"Orl\u00e9ans","potentialAction":[{"@type":"SearchAction","target":{"@type":"EntryPoint","urlTemplate":"https:\/\/www.parcfloraldelasource.com\/?s={search_term_string}"},"query-input":{"@type":"PropertyValueSpecification","valueRequired":true,"valueName":"search_term_string"}}],"inLanguage":"fr-FR"}]}},"_links":{"self":[{"href":"https:\/\/www.parcfloraldelasource.com\/rest\/wp\/v2\/pages\/4571","targetHints":{"allow":["GET"]}}],"collection":[{"href":"https:\/\/www.parcfloraldelasource.com\/rest\/wp\/v2\/pages"}],"about":[{"href":"https:\/\/www.parcfloraldelasource.com\/rest\/wp\/v2\/types\/page"}],"author":[{"embeddable":true,"href":"https:\/\/www.parcfloraldelasource.com\/rest\/wp\/v2\/users\/2"}],"replies":[{"embeddable":true,"href":"https:\/\/www.parcfloraldelasource.com\/rest\/wp\/v2\/comments?post=4571"}],"version-history":[{"count":12,"href":"https:\/\/www.parcfloraldelasource.com\/rest\/wp\/v2\/pages\/4571\/revisions"}],"predecessor-version":[{"id":4950,"href":"https:\/\/www.parcfloraldelasource.com\/rest\/wp\/v2\/pages\/4571\/revisions\/4950"}],"up":[{"embeddable":true,"href":"https:\/\/www.parcfloraldelasource.com\/rest\/wp\/v2\/pages\/39"}],"wp:featuredmedia":[{"embeddable":true,"href":"https:\/\/www.parcfloraldelasource.com\/rest\/wp\/v2\/media\/4573"}],"wp:attachment":[{"href":"https:\/\/www.parcfloraldelasource.com\/rest\/wp\/v2\/media?parent=4571"}],"curies":[{"name":"wp","href":"https:\/\/api.w.org\/{rel}","templated":true}]}}

<p><img loading="lazy" decoding="async" class="size-full wp-image-4572 aligncenter" src="https://www.parcfloraldelasource.com/file/2024/10/Horaire-tarifs-et-titres-site-@-23.jpg" alt="" width="1011" height="383" srcset="https://www.parcfloraldelasource.com/file/2024/10/Horaire-tarifs-et-titres-site-@-23.jpg 1011w, https://www.parcfloraldelasource.com/file/2024/10/Horaire-tarifs-et-titres-site-@-23-300x114.jpg 300w, https://www.parcfloraldelasource.com/file/2024/10/Horaire-tarifs-et-titres-site-@-23-768x291.jpg 768w" sizes="auto, (max-width: 1011px) 100vw, 1011px" /></p>
<p>Le Parc Floral de la Source est un lieu unique, mêlant nature, biodiversité et activités culturelles. Nous recherchons régulièrement des personnes passionnées par la nature, le jardinage, l&rsquo;accueil des visiteurs ou la gestion des événements pour rejoindre notre équipe.</p>
<p>Que vous soyez professionnel de l’horticulture, animateur nature, ou intéressé par une carrière dans le domaine du tourisme, de l&rsquo;accueil ou de l&rsquo;entretien des espaces verts, vous trouverez ici toutes les informations nécessaires pour postuler à nos offres d&#8217;emploi.</p>
<p>Sur cette page, vous pourrez consulter les postes actuellement disponibles, découvrir les conditions de recrutement, et soumettre votre candidature. Venez participer à l&rsquo;aventure du Parc Floral de la Source et contribuer à préserver et valoriser ce lieu d’exception&nbsp;!</p>
<p><img loading="lazy" decoding="async" class="alignleft size-large wp-image-4496" src="https://www.parcfloraldelasource.com/file/2024/05/Horaire-tarifs-et-titres-site-@-3-1-e1714739942497-1024x20.png" alt="" width="660" height="13" srcset="https://www.parcfloraldelasource.com/file/2024/05/Horaire-tarifs-et-titres-site-@-3-1-e1714739942497.png 1024w, https://www.parcfloraldelasource.com/file/2024/05/Horaire-tarifs-et-titres-site-@-3-1-e1714739942497-300x6.png 300w, https://www.parcfloraldelasource.com/file/2024/05/Horaire-tarifs-et-titres-site-@-3-1-e1714739942497-768x15.png 768w" sizes="auto, (max-width: 660px) 100vw, 660px" /></p>
<p><img loading="lazy" decoding="async" class="aligncenter wp-image-4573 " src="https://www.parcfloraldelasource.com/file/2024/10/Horaire-tarifs-et-titres-site-@-24-300x102.jpg" alt="" width="406" height="138" srcset="https://www.parcfloraldelasource.com/file/2024/10/Horaire-tarifs-et-titres-site-@-24-300x102.jpg 300w, https://www.parcfloraldelasource.com/file/2024/10/Horaire-tarifs-et-titres-site-@-24-768x261.jpg 768w, https://www.parcfloraldelasource.com/file/2024/10/Horaire-tarifs-et-titres-site-@-24.jpg 1012w" sizes="auto, (max-width: 406px) 100vw, 406px" /></p>
<p style="text-align: center;">Le Parc ne propose pas d&rsquo;offres d&#8217;emploi pour le moment.</p>

<p>Le Parc Floral de la Source est un lieu unique, mêlant nature, biodiversité et activités culturelles. Nous recherchons régulièrement des personnes passionnées par la nature, le jardinage, l&rsquo;accueil des visiteurs ou la gestion des événements pour rejoindre notre équipe. Que vous soyez professionnel de l’horticulture, animateur nature, ou intéressé par une carrière dans le domaine &hellip; </p>

<!-- This site is optimized with the Yoast SEO plugin v27.5 - https://yoast.com/product/yoast-seo-wordpress/ -->
<title>Offres d&#039;emploi - Parc Floral de La Source</title>
<meta name="robots" content="index, follow, max-snippet:-1, max-image-preview:large, max-video-preview:-1" />
<link rel="canonical" href="https://www.parcfloraldelasource.com/espace-pro/offres-demploi/" />
<meta property="og:locale" content="fr_FR" />
<meta property="og:type" content="article" />
<meta property="og:title" content="Offres d&#039;emploi - Parc Floral de La Source" />
<meta property="og:description" content="Le Parc Floral de la Source est un lieu unique, mêlant nature, biodiversité et activités culturelles. Nous recherchons régulièrement des personnes passionnées par la nature, le jardinage, l&rsquo;accueil des visiteurs ou la gestion des événements pour rejoindre notre équipe. Que vous soyez professionnel de l’horticulture, animateur nature, ou intéressé par une carrière dans le domaine &hellip;" />
<meta property="og:url" content="https://www.parcfloraldelasource.com/espace-pro/offres-demploi/" />
<meta property="og:site_name" content="Parc Floral de La Source" />
<meta property="article:publisher" content="https://www.facebook.com/parcfloral.orleansloiret" />
<meta property="article:modified_time" content="2026-02-24T10:33:38+00:00" />
<meta property="og:image" content="https://www.parcfloraldelasource.com/file/2024/10/Horaire-tarifs-et-titres-site-@-24.jpg" />
	<meta property="og:image:width" content="1012" />
	<meta property="og:image:height" content="344" />
	<meta property="og:image:type" content="image/jpeg" />
<meta name="twitter:card" content="summary_large_image" />
<meta name="twitter:label1" content="Durée de lecture estimée" />
	<meta name="twitter:data1" content="2 minutes" />
<script type="application/ld+json" class="yoast-schema-graph">{"@context":"https:\/\/schema.org","@graph":[{"@type":"WebPage","@id":"https:\/\/www.parcfloraldelasource.com\/espace-pro\/offres-demploi\/","url":"https:\/\/www.parcfloraldelasource.com\/espace-pro\/offres-demploi\/","name":"Offres d'emploi - Parc Floral de La Source","isPartOf":{"@id":"https:\/\/www.parcfloraldelasource.com\/#website"},"primaryImageOfPage":{"@id":"https:\/\/www.parcfloraldelasource.com\/espace-pro\/offres-demploi\/#primaryimage"},"image":{"@id":"https:\/\/www.parcfloraldelasource.com\/espace-pro\/offres-demploi\/#primaryimage"},"thumbnailUrl":"https:\/\/www.parcfloraldelasource.com\/inc\/uploads\/2024\/10\/Horaire-tarifs-et-titres-site-@-24.jpg","datePublished":"2024-10-22T12:02:08+00:00","dateModified":"2026-02-24T10:33:38+00:00","breadcrumb":{"@id":"https:\/\/www.parcfloraldelasource.com\/espace-pro\/offres-demploi\/#breadcrumb"},"inLanguage":"fr-FR","potentialAction":[{"@type":"ReadAction","target":["https:\/\/www.parcfloraldelasource.com\/espace-pro\/offres-demploi\/"]}]},{"@type":"ImageObject","inLanguage":"fr-FR","@id":"https:\/\/www.parcfloraldelasource.com\/espace-pro\/offres-demploi\/#primaryimage","url":"https:\/\/www.parcfloraldelasource.com\/inc\/uploads\/2024\/10\/Horaire-tarifs-et-titres-site-@-24.jpg","contentUrl":"https:\/\/www.parcfloraldelasource.com\/inc\/uploads\/2024\/10\/Horaire-tarifs-et-titres-site-@-24.jpg","width":1012,"height":344,"caption":"recrutement emploi"},{"@type":"BreadcrumbList","@id":"https:\/\/www.parcfloraldelasource.com\/espace-pro\/offres-demploi\/#breadcrumb","itemListElement":[{"@type":"ListItem","position":1,"name":"Accueil","item":"https:\/\/www.parcfloraldelasource.com\/"},{"@type":"ListItem","position":2,"name":"Espace pro","item":"https:\/\/www.parcfloraldelasource.com\/espace-pro\/"},{"@type":"ListItem","position":3,"name":"Offres d&#8217;emploi"}]},{"@type":"WebSite","@id":"https:\/\/www.parcfloraldelasource.com\/#website","url":"https:\/\/www.parcfloraldelasource.com\/","name":"Parc Floral de La Source","description":"Orléans","potentialAction":[{"@type":"SearchAction","target":{"@type":"EntryPoint","urlTemplate":"https:\/\/www.parcfloraldelasource.com\/?s={search_term_string}"},"query-input":{"@type":"PropertyValueSpecification","valueRequired":true,"valueName":"search_term_string"}}],"inLanguage":"fr-FR"}]}</script>
<!-- / Yoast SEO plugin. -->

Le Parc Floral de la Source est un lieu unique, mêlant nature, biodiversité et activités culturelles. Nous recherchons régulièrement des personnes passionnées par la nature, le jardinage, l&rsquo;accueil des visiteurs ou la gestion des événements pour rejoindre notre équipe. Que vous soyez professionnel de l’horticulture, animateur nature, ou intéressé par une carrière dans le domaine &hellip;

Orléans
