{"id":63,"date":"2017-03-30T14:23:11","date_gmt":"2017-03-30T12:23:11","guid":{"rendered":"https:\/\/www.parcfloraldelasource.com\/?page_id=63"},"modified":"2021-04-28T14:47:25","modified_gmt":"2021-04-28T12:47:25","slug":"iris","status":"publish","type":"page","link":"https:\/\/www.parcfloraldelasource.com\/les-jardins\/iris\/","title":{"rendered":"Iris"},"content":{"rendered":"<h2>Le jardin d&rsquo;iris<\/h2>\n<p style=\"text-align: justify;\">Les iris s&rsquo;\u00e9panouissent entre mi-mai et d\u00e9but juin, offrant au regard une \u00e9tendue fleurie po\u00e9tiquement d\u00e9nomm\u00e9e \u00ab\u00a0la mer bleue\u00a0\u00bb. Compos\u00e9 d&rsquo;iris germanica dans un cama\u00efeu de bleus et un d\u00e9grad\u00e9 allant du blanc-bleut\u00e9 ou bleu-violac\u00e9 ainsi que de vivaces, ce premier plan est probablement le plus spectaculaire.<\/p>\n<p style=\"text-align: justify;\">Au second plan, dans son \u00e9crin de murs de pis\u00e9, la collection d&rsquo;iris est pr\u00e9sent\u00e9e dans des massifs o\u00f9 elle s&rsquo;associe avec des vivaces et des arbustes. Compos\u00e9e d&rsquo;iris germanica de divers coloris mais qui disposent tous du m\u00eame caract\u00e8re remontant*, la collection du Parc Floral est labellis\u00e9e \u00ab\u00a0collection nationale\u00a0\u00bb par <a href=\"http:\/\/www.ccvs-france.org\/\" target=\"_blank\" rel=\"noopener noreferrer\">le Conservatoire des Collections V\u00e9g\u00e9tales Sp\u00e9cialis\u00e9es<\/a> (CCVS).<\/p>\n<p style=\"text-align: justify;\">Ce jardin a \u00e9t\u00e9 enti\u00e8rement r\u00e9am\u00e9nag\u00e9 en 2015. Le traverser est indispensable pour appr\u00e9cier pleinement la diversit\u00e9 des teintes et la subtilit\u00e9 des parfums de ces plantes vivaces \u00e0 la floraison est \u00e9ph\u00e9m\u00e8re.<\/p>\n<p style=\"text-align: justify;\">*<em>Les iris remontants pr\u00e9sentent la sp\u00e9cificit\u00e9 de fleurir une seconde fois en fin d&rsquo;\u00e9t\u00e9. Retrouvez ici plus d&rsquo;explications sur notre collection&nbsp;:\u00a0<a href=\"https:\/\/www.parcfloraldelasource.com\/file\/2018\/05\/Panneau-iris.pdf\" target=\"_blank\" rel=\"noopener noreferrer\">Pr\u00e9sentation de la collection d&rsquo;iris germanica remontants du Parc Floral de La Source, Orl\u00e9ans-Loiret<\/a><\/em><\/p>\n<p><iframe loading=\"lazy\" style=\"width: 100%;\" src=\"https:\/\/www.youtube.com\/embed\/zlWfLN4iVw4\" width=\"300\" height=\"480\" frameborder=\"0\" allowfullscreen=\"allowfullscreen\"><\/iframe><\/p>\n<h3>La Route des Iris<\/h3>\n<p style=\"text-align: justify;\"><strong>Le Parc Floral de La Source, Orl\u00e9ans-Loiret (45) <\/strong>fait partie du circuit floral, \u00ab\u00a0<a href=\"http:\/\/www.routedesiris.com\/\" target=\"_blank\" rel=\"noopener noreferrer\">la Route des Iris<\/a>\u00a0\u00bb qui chemine \u00e0 travers sept parcs et jardins et deux producteurs r\u00e9gionaux d&rsquo;iris. A d\u00e9couvrir \u00e0 la belle saison.<\/p>\n<p style=\"text-align: justify;\">De m\u00eame, le <strong>Parc Floral de La Source (45) <\/strong>entretient des relations privil\u00e9gi\u00e9es avec la section Amis des Parcs et Jardin de <a href=\"https:\/\/www.shol.fr\/\" target=\"_blank\" rel=\"noopener noreferrer\">la Soci\u00e9t\u00e9 d&rsquo;Horticulture d&rsquo;Orl\u00e9ans et du Loiret<\/a> (SHOL) qui g\u00e8re la collection d&rsquo;iris pr\u00e9sent\u00e9e \u00e0 Saint-Cyr-en-Val\u00a0dans le parc du ch\u00e2teau de Morch\u00eane.<\/p>","protected":false},"excerpt":{"rendered":"<p>Le jardin d&rsquo;iris Les iris s&rsquo;\u00e9panouissent entre mi-mai et d\u00e9but juin, offrant au regard une \u00e9tendue fleurie po\u00e9tiquement d\u00e9nomm\u00e9e \u00ab\u00a0la mer bleue\u00a0\u00bb. Compos\u00e9 d&rsquo;iris germanica dans un cama\u00efeu de bleus et un d\u00e9grad\u00e9 allant du blanc-bleut\u00e9 ou bleu-violac\u00e9 ainsi que de vivaces, ce premier plan est probablement le plus spectaculaire. Au second plan, dans son &hellip; <\/p>","protected":false},"author":1,"featured_media":0,"parent":24,"menu_order":2,"comment_status":"closed","ping_status":"closed","template":"","meta":{"footnotes":""},"class_list":["post-63","page","type-page","status-publish","hentry"],"yoast_head":"<!-- This site is optimized with the Yoast SEO plugin v27.5 - https:\/\/yoast.com\/product\/yoast-seo-wordpress\/ -->\n<title>Jardin d&#039;iris - Parc Floral de La Source<\/title>\n<meta name=\"description\" content=\"D\u00e9couvrez le jardin d&#039;iris \u00e0 la teinte bleue \u00e9galement nomm\u00e9 mer bleue et accompagn\u00e9 de plantes vivaces, enti\u00e8rement r\u00e9am\u00e9nag\u00e9 depuis 2015.\" \/>\n<meta name=\"robots\" content=\"index, follow, max-snippet:-1, max-image-preview:large, max-video-preview:-1\" \/>\n<link rel=\"canonical\" href=\"https:\/\/www.parcfloraldelasource.com\/les-jardins\/iris\/\" \/>\n<meta property=\"og:locale\" content=\"fr_FR\" \/>\n<meta property=\"og:type\" content=\"article\" \/>\n<meta property=\"og:title\" content=\"Jardin d&#039;iris - Parc Floral de La Source\" \/>\n<meta property=\"og:description\" content=\"D\u00e9couvrez le jardin d&#039;iris \u00e0 la teinte bleue \u00e9galement nomm\u00e9 mer bleue et accompagn\u00e9 de plantes vivaces, enti\u00e8rement r\u00e9am\u00e9nag\u00e9 depuis 2015.\" \/>\n<meta property=\"og:url\" content=\"https:\/\/www.parcfloraldelasource.com\/les-jardins\/iris\/\" \/>\n<meta property=\"og:site_name\" content=\"Parc Floral de La Source\" \/>\n<meta property=\"article:publisher\" content=\"https:\/\/www.facebook.com\/parcfloral.orleansloiret\" \/>\n<meta property=\"article:modified_time\" content=\"2021-04-28T12:47:25+00:00\" \/>\n<meta name=\"twitter:card\" content=\"summary_large_image\" \/>\n<meta name=\"twitter:label1\" content=\"Dur\u00e9e de lecture estim\u00e9e\" \/>\n\t<meta name=\"twitter:data1\" content=\"1 minute\" \/>\n<script type=\"application\/ld+json\" class=\"yoast-schema-graph\">{\"@context\":\"https:\\\/\\\/schema.org\",\"@graph\":[{\"@type\":\"WebPage\",\"@id\":\"https:\\\/\\\/www.parcfloraldelasource.com\\\/les-jardins\\\/iris\\\/\",\"url\":\"https:\\\/\\\/www.parcfloraldelasource.com\\\/les-jardins\\\/iris\\\/\",\"name\":\"Jardin d'iris - Parc Floral de La Source\",\"isPartOf\":{\"@id\":\"https:\\\/\\\/www.parcfloraldelasource.com\\\/#website\"},\"datePublished\":\"2017-03-30T12:23:11+00:00\",\"dateModified\":\"2021-04-28T12:47:25+00:00\",\"description\":\"D\u00e9couvrez le jardin d'iris \u00e0 la teinte bleue \u00e9galement nomm\u00e9 mer bleue et accompagn\u00e9 de plantes vivaces, enti\u00e8rement r\u00e9am\u00e9nag\u00e9 depuis 2015.\",\"breadcrumb\":{\"@id\":\"https:\\\/\\\/www.parcfloraldelasource.com\\\/les-jardins\\\/iris\\\/#breadcrumb\"},\"inLanguage\":\"fr-FR\",\"potentialAction\":[{\"@type\":\"ReadAction\",\"target\":[\"https:\\\/\\\/www.parcfloraldelasource.com\\\/les-jardins\\\/iris\\\/\"]}]},{\"@type\":\"BreadcrumbList\",\"@id\":\"https:\\\/\\\/www.parcfloraldelasource.com\\\/les-jardins\\\/iris\\\/#breadcrumb\",\"itemListElement\":[{\"@type\":\"ListItem\",\"position\":1,\"name\":\"Accueil\",\"item\":\"https:\\\/\\\/www.parcfloraldelasource.com\\\/\"},{\"@type\":\"ListItem\",\"position\":2,\"name\":\"Les jardins\",\"item\":\"https:\\\/\\\/www.parcfloraldelasource.com\\\/les-jardins\\\/\"},{\"@type\":\"ListItem\",\"position\":3,\"name\":\"Iris\"}]},{\"@type\":\"WebSite\",\"@id\":\"https:\\\/\\\/www.parcfloraldelasource.com\\\/#website\",\"url\":\"https:\\\/\\\/www.parcfloraldelasource.com\\\/\",\"name\":\"Parc Floral de La Source\",\"description\":\"Orl\u00e9ans\",\"potentialAction\":[{\"@type\":\"SearchAction\",\"target\":{\"@type\":\"EntryPoint\",\"urlTemplate\":\"https:\\\/\\\/www.parcfloraldelasource.com\\\/?s={search_term_string}\"},\"query-input\":{\"@type\":\"PropertyValueSpecification\",\"valueRequired\":true,\"valueName\":\"search_term_string\"}}],\"inLanguage\":\"fr-FR\"}]}<\/script>\n<!-- \/ Yoast SEO plugin. -->","yoast_head_json":{"title":"Jardin d'iris - Parc Floral de La Source","description":"D\u00e9couvrez le jardin d'iris \u00e0 la teinte bleue \u00e9galement nomm\u00e9 mer bleue et accompagn\u00e9 de plantes vivaces, enti\u00e8rement r\u00e9am\u00e9nag\u00e9 depuis 2015.","robots":{"index":"index","follow":"follow","max-snippet":"max-snippet:-1","max-image-preview":"max-image-preview:large","max-video-preview":"max-video-preview:-1"},"canonical":"https:\/\/www.parcfloraldelasource.com\/les-jardins\/iris\/","og_locale":"fr_FR","og_type":"article","og_title":"Jardin d'iris - Parc Floral de La Source","og_description":"D\u00e9couvrez le jardin d'iris \u00e0 la teinte bleue \u00e9galement nomm\u00e9 mer bleue et accompagn\u00e9 de plantes vivaces, enti\u00e8rement r\u00e9am\u00e9nag\u00e9 depuis 2015.","og_url":"https:\/\/www.parcfloraldelasource.com\/les-jardins\/iris\/","og_site_name":"Parc Floral de La Source","article_publisher":"https:\/\/www.facebook.com\/parcfloral.orleansloiret","article_modified_time":"2021-04-28T12:47:25+00:00","twitter_card":"summary_large_image","twitter_misc":{"Dur\u00e9e de lecture estim\u00e9e":"1 minute"},"schema":{"@context":"https:\/\/schema.org","@graph":[{"@type":"WebPage","@id":"https:\/\/www.parcfloraldelasource.com\/les-jardins\/iris\/","url":"https:\/\/www.parcfloraldelasource.com\/les-jardins\/iris\/","name":"Jardin d'iris - Parc Floral de La Source","isPartOf":{"@id":"https:\/\/www.parcfloraldelasource.com\/#website"},"datePublished":"2017-03-30T12:23:11+00:00","dateModified":"2021-04-28T12:47:25+00:00","description":"D\u00e9couvrez le jardin d'iris \u00e0 la teinte bleue \u00e9galement nomm\u00e9 mer bleue et accompagn\u00e9 de plantes vivaces, enti\u00e8rement r\u00e9am\u00e9nag\u00e9 depuis 2015.","breadcrumb":{"@id":"https:\/\/www.parcfloraldelasource.com\/les-jardins\/iris\/#breadcrumb"},"inLanguage":"fr-FR","potentialAction":[{"@type":"ReadAction","target":["https:\/\/www.parcfloraldelasource.com\/les-jardins\/iris\/"]}]},{"@type":"BreadcrumbList","@id":"https:\/\/www.parcfloraldelasource.com\/les-jardins\/iris\/#breadcrumb","itemListElement":[{"@type":"ListItem","position":1,"name":"Accueil","item":"https:\/\/www.parcfloraldelasource.com\/"},{"@type":"ListItem","position":2,"name":"Les jardins","item":"https:\/\/www.parcfloraldelasource.com\/les-jardins\/"},{"@type":"ListItem","position":3,"name":"Iris"}]},{"@type":"WebSite","@id":"https:\/\/www.parcfloraldelasource.com\/#website","url":"https:\/\/www.parcfloraldelasource.com\/","name":"Parc Floral de La Source","description":"Orl\u00e9ans","potentialAction":[{"@type":"SearchAction","target":{"@type":"EntryPoint","urlTemplate":"https:\/\/www.parcfloraldelasource.com\/?s={search_term_string}"},"query-input":{"@type":"PropertyValueSpecification","valueRequired":true,"valueName":"search_term_string"}}],"inLanguage":"fr-FR"}]}},"_links":{"self":[{"href":"https:\/\/www.parcfloraldelasource.com\/rest\/wp\/v2\/pages\/63","targetHints":{"allow":["GET"]}}],"collection":[{"href":"https:\/\/www.parcfloraldelasource.com\/rest\/wp\/v2\/pages"}],"about":[{"href":"https:\/\/www.parcfloraldelasource.com\/rest\/wp\/v2\/types\/page"}],"author":[{"embeddable":true,"href":"https:\/\/www.parcfloraldelasource.com\/rest\/wp\/v2\/users\/1"}],"replies":[{"embeddable":true,"href":"https:\/\/www.parcfloraldelasource.com\/rest\/wp\/v2\/comments?post=63"}],"version-history":[{"count":19,"href":"https:\/\/www.parcfloraldelasource.com\/rest\/wp\/v2\/pages\/63\/revisions"}],"predecessor-version":[{"id":3157,"href":"https:\/\/www.parcfloraldelasource.com\/rest\/wp\/v2\/pages\/63\/revisions\/3157"}],"up":[{"embeddable":true,"href":"https:\/\/www.parcfloraldelasource.com\/rest\/wp\/v2\/pages\/24"}],"wp:attachment":[{"href":"https:\/\/www.parcfloraldelasource.com\/rest\/wp\/v2\/media?parent=63"}],"curies":[{"name":"wp","href":"https:\/\/api.w.org\/{rel}","templated":true}]}}

<h2>Le jardin d&rsquo;iris</h2>
<p style="text-align: justify;">Les iris s&rsquo;épanouissent entre mi-mai et début juin, offrant au regard une étendue fleurie poétiquement dénommée « la mer bleue ». Composé d&rsquo;iris germanica dans un camaïeu de bleus et un dégradé allant du blanc-bleuté ou bleu-violacé ainsi que de vivaces, ce premier plan est probablement le plus spectaculaire.</p>
<p style="text-align: justify;">Au second plan, dans son écrin de murs de pisé, la collection d&rsquo;iris est présentée dans des massifs où elle s&rsquo;associe avec des vivaces et des arbustes. Composée d&rsquo;iris germanica de divers coloris mais qui disposent tous du même caractère remontant*, la collection du Parc Floral est labellisée « collection nationale » par <a href="http://www.ccvs-france.org/" target="_blank" rel="noopener noreferrer">le Conservatoire des Collections Végétales Spécialisées</a> (CCVS).</p>
<p style="text-align: justify;">Ce jardin a été entièrement réaménagé en 2015. Le traverser est indispensable pour apprécier pleinement la diversité des teintes et la subtilité des parfums de ces plantes vivaces à la floraison est éphémère.</p>
<p style="text-align: justify;">*<em>Les iris remontants présentent la spécificité de fleurir une seconde fois en fin d&rsquo;été. Retrouvez ici plus d&rsquo;explications sur notre collection&nbsp;: <a href="https://www.parcfloraldelasource.com/file/2018/05/Panneau-iris.pdf" target="_blank" rel="noopener noreferrer">Présentation de la collection d&rsquo;iris germanica remontants du Parc Floral de La Source, Orléans-Loiret</a></em></p>
<p><iframe loading="lazy" style="width: 100%;" src="https://www.youtube.com/embed/zlWfLN4iVw4" width="300" height="480" frameborder="0" allowfullscreen="allowfullscreen"></iframe></p>
<h3>La Route des Iris</h3>
<p style="text-align: justify;"><strong>Le Parc Floral de La Source, Orléans-Loiret (45) </strong>fait partie du circuit floral, « <a href="http://www.routedesiris.com/" target="_blank" rel="noopener noreferrer">la Route des Iris</a> » qui chemine à travers sept parcs et jardins et deux producteurs régionaux d&rsquo;iris. A découvrir à la belle saison.</p>
<p style="text-align: justify;">De même, le <strong>Parc Floral de La Source (45) </strong>entretient des relations privilégiées avec la section Amis des Parcs et Jardin de <a href="https://www.shol.fr/" target="_blank" rel="noopener noreferrer">la Société d&rsquo;Horticulture d&rsquo;Orléans et du Loiret</a> (SHOL) qui gère la collection d&rsquo;iris présentée à Saint-Cyr-en-Val dans le parc du château de Morchêne.</p>

<p>Le jardin d&rsquo;iris Les iris s&rsquo;épanouissent entre mi-mai et début juin, offrant au regard une étendue fleurie poétiquement dénommée « la mer bleue ». Composé d&rsquo;iris germanica dans un camaïeu de bleus et un dégradé allant du blanc-bleuté ou bleu-violacé ainsi que de vivaces, ce premier plan est probablement le plus spectaculaire. Au second plan, dans son &hellip; </p>

<!-- This site is optimized with the Yoast SEO plugin v27.5 - https://yoast.com/product/yoast-seo-wordpress/ -->
<title>Jardin d&#039;iris - Parc Floral de La Source</title>
<meta name="description" content="Découvrez le jardin d&#039;iris à la teinte bleue également nommé mer bleue et accompagné de plantes vivaces, entièrement réaménagé depuis 2015." />
<meta name="robots" content="index, follow, max-snippet:-1, max-image-preview:large, max-video-preview:-1" />
<link rel="canonical" href="https://www.parcfloraldelasource.com/les-jardins/iris/" />
<meta property="og:locale" content="fr_FR" />
<meta property="og:type" content="article" />
<meta property="og:title" content="Jardin d&#039;iris - Parc Floral de La Source" />
<meta property="og:description" content="Découvrez le jardin d&#039;iris à la teinte bleue également nommé mer bleue et accompagné de plantes vivaces, entièrement réaménagé depuis 2015." />
<meta property="og:url" content="https://www.parcfloraldelasource.com/les-jardins/iris/" />
<meta property="og:site_name" content="Parc Floral de La Source" />
<meta property="article:publisher" content="https://www.facebook.com/parcfloral.orleansloiret" />
<meta property="article:modified_time" content="2021-04-28T12:47:25+00:00" />
<meta name="twitter:card" content="summary_large_image" />
<meta name="twitter:label1" content="Durée de lecture estimée" />
	<meta name="twitter:data1" content="1 minute" />
<script type="application/ld+json" class="yoast-schema-graph">{"@context":"https:\/\/schema.org","@graph":[{"@type":"WebPage","@id":"https:\/\/www.parcfloraldelasource.com\/les-jardins\/iris\/","url":"https:\/\/www.parcfloraldelasource.com\/les-jardins\/iris\/","name":"Jardin d'iris - Parc Floral de La Source","isPartOf":{"@id":"https:\/\/www.parcfloraldelasource.com\/#website"},"datePublished":"2017-03-30T12:23:11+00:00","dateModified":"2021-04-28T12:47:25+00:00","description":"Découvrez le jardin d'iris à la teinte bleue également nommé mer bleue et accompagné de plantes vivaces, entièrement réaménagé depuis 2015.","breadcrumb":{"@id":"https:\/\/www.parcfloraldelasource.com\/les-jardins\/iris\/#breadcrumb"},"inLanguage":"fr-FR","potentialAction":[{"@type":"ReadAction","target":["https:\/\/www.parcfloraldelasource.com\/les-jardins\/iris\/"]}]},{"@type":"BreadcrumbList","@id":"https:\/\/www.parcfloraldelasource.com\/les-jardins\/iris\/#breadcrumb","itemListElement":[{"@type":"ListItem","position":1,"name":"Accueil","item":"https:\/\/www.parcfloraldelasource.com\/"},{"@type":"ListItem","position":2,"name":"Les jardins","item":"https:\/\/www.parcfloraldelasource.com\/les-jardins\/"},{"@type":"ListItem","position":3,"name":"Iris"}]},{"@type":"WebSite","@id":"https:\/\/www.parcfloraldelasource.com\/#website","url":"https:\/\/www.parcfloraldelasource.com\/","name":"Parc Floral de La Source","description":"Orléans","potentialAction":[{"@type":"SearchAction","target":{"@type":"EntryPoint","urlTemplate":"https:\/\/www.parcfloraldelasource.com\/?s={search_term_string}"},"query-input":{"@type":"PropertyValueSpecification","valueRequired":true,"valueName":"search_term_string"}}],"inLanguage":"fr-FR"}]}</script>
<!-- / Yoast SEO plugin. -->

Découvrez le jardin d'iris à la teinte bleue également nommé mer bleue et accompagné de plantes vivaces, entièrement réaménagé depuis 2015.

Orléans
